ors of k?
3, 43
List the prime factors of ((-3890)/8)/((455/52)/(-35)).
5, 389
Let x = 497 - 489. Let m(z) = 4*z**2 - 49*z - 3. Let b(j) = -j**2 + 12*j + 1. Let w(a) = 9*b(a) + 2*m(a). What are the prime factors of w(x)?
19
Suppose 0 = c + 3*c - 3*q + 9, -4*q - 38 = 3*c. Let f = c + 4. What are the prime factors of (-23)/(-5) + f/(-5)?
5
Let u(h) = 112*h**2 - 5*h - 1. Let r be u(-1). Let b = r + 58. List the prime factors of b.
2, 3, 29
Let j = -655 - -921. What are the prime factors of j?
2, 7, 19
Let a(r) = 2 - 7*r - r**2 - 3*r + 6 - 7*r. What are the prime factors of a(-12)?
2, 17
Let f(u) = -u**3 + 3*u. Let b be f(-2). Suppose -5*o = b*y - 319, -214 = -y - 4*o - 56. What are the prime factors of y?
2, 3
Let j be ((-130)/(-40))/((-1)/(-8)). Let y = j - 25. List the prime factors of (150/(-40))/(y/(-8)).
2, 3, 5
Let c = -838 - -1273. Suppose -5*n = -4*i - c, -2*n + 123 = -4*i - 63. What are the prime factors of n?
83
Let z be (-109)/(-2)*-4*(-5)/(-10). Let y = z - -247. What are the prime factors of y?
2, 3, 23
What are the prime factors of (-108)/135 + 1889/5?
13, 29
Let p(g) = -2*g + 8. Let d be p(11). Let w = 15 + d. Suppose 3*m + 2*o - 20 = -3, m = o - w. What are the prime factors of m?
3
Let r(w) = 8*w**2 - 6*w - 5. Let c be 2/4*-3*2. List the prime factors of r(c).
5, 17
Let s(h) = -h**3 + 17*h**2 - 18*h + 40. Let d be s(16). Suppose p = -d*p + 981. What are the prime factors of p?
109
Suppose 5*w + 4*p = -30 + 341, -5*w + 5*p + 320 = 0. Let a(z) = w + 2*z - 54 - 30. List the prime factors of a(16).
11
What are the prime factors of 922 + 9 + -13 + (0 - -2)?
2, 5, 23
Let l = 30 - 42. Let d be (-8)/l - (-2)/6. What are the prime factors of 11 - 5 - (d + -1)?
2, 3
Suppose 4*q + 167 = -0*d - d, -3*d + 4*q - 469 = 0. Let m = 311 + d. What are the prime factors of m?
2, 19
Let c(h) = 59*h - 153. List the prime factors of c(8).
11, 29
Let n be 0/(1*3/3). Suppose n*x - 545 = -5*x. List the prime factors of x.
109
Suppose -7763 + 7 = -14*h. What are the prime factors of h?
2, 277
Suppose -5*v - 37 = -3*a, v = -6 + 1. Suppose 0 = 4*j + 2*f - 422, 3 = a*f - 1. List the prime factors of j.
3, 5, 7
Suppose -4*k = 2*l - 0*l - 12, 2*l - 12 = 5*k. List the prime factors of (4 + (-20)/l)*51.
2, 17
Suppose 9849 = 13*l + 3544. List the prime factors of l.
5, 97
Let z(o) = o. Let x be z(4). Suppose 0 = -5*v + x*c + 10 + 14, -6 = -2*v - 2*c. Suppose v*b - 50 = -b. What are the prime factors of b?
2, 5
Let n = 1473 + -167. List the prime factors of n.
2, 653
Let l(f) = -9*f + 17*f**2 - f**3 - 21 - 17 + 16*f. List the prime factors of l(17).
3
Suppose -8 = -4*w - 4*n, w + 4 = 2*w - n. Suppose -2*t + w*t = 0. Suppose t = o - 8*p + 3*p - 46, -4*o + p + 108 = 0. List the prime factors of o.
2, 13
Let b(g) = g**3 + 17*g**2 + 11*g + 11. What are the prime factors of b(-16)?
7, 13
Let o(v) = v - 20. Let n be o(0). What are the prime factors of 8/n + (-844)/(-10)?
2, 3, 7
Let i(n) = -n**3 - 11*n**2 + 23*n + 46. What are the prime factors of i(-14)?
2, 3, 13
Suppose -13009 = -31*y + 50975. What are the prime factors of y?
2, 3, 43
Let b be -2 + 6 - 5 - -3. Suppose 2*g - 6 = b, 3*s = 3*g + 285. List the prime factors of s.
3, 11
Let b(f) = f**2 + 11*f - 65. What are the prime factors of b(14)?
3, 5, 19
Suppose -4670 = -12*s + 10066. List the prime factors of s.
2, 307
Let j(z) be the third derivative of z**4/12 + z**3/2 + 65*z**2. Let x be (-26)/(-6) - (-4)/6. List the prime factors of j(x).
13
Suppose -4*x + 57 = -55. Let g be (-9)/(-2) - 3/6*1. Suppose 5*s = 2*o - x, -3*o + g*s + 12 = -16. What are the prime factors of o?
2
Let s = -10 - -14. Suppose 0 = -2*o + s*o - 3*v - 8, 3*o + 5*v = 31. List the prime factors of (2 - 21)*(o + -8).
19
Let i(s) = 2*s + 10. Let f be i(-5). Let c be -3*(10/(-6) + f). Let l(u) = 7*u - 11. What are the prime factors of l(c)?
2, 3
Suppose -4*f = 2*g - 14, 0 = -f + 2*f + 5*g - 26. List the prime factors of 2/(16/(-428))*(f + -3).
107
Suppose -2802 = -4*t + 4566. What are the prime factors of t?
2, 3, 307
Let n(z) = -z**3 + z**2 - 1. Let r(k) = -7*k**3 + 6*k**2 + 11. Let v(o) = -6*n(o) + r(o). Suppose 4*j = j. What are the prime factors of v(j)?
17
Let c(r) = r + 5. Let k be c(-2). Suppose -k*y = 5*x + 1, -10 = -2*y - 2*y - x. List the prime factors of 84/3*y/3.
2, 7
Suppose 3*a = 2*y - 6, 4*y + 5*a + 14 = 4. Let n = y + 7. Let r = 12 - n. List the prime factors of r.
5
Let y be (-9)/(-2)*(-8)/6. Let p be (2 + 2)*39/y. Let u = p - -53. What are the prime factors of u?
3
Let c = 376 + -268. Suppose 5*m + 3*g + 205 = 721, -m = -g - c. List the prime factors of m.
3, 5, 7
Let u(h) = -h**3 - 10*h**2 + 20*h - 55. What are the prime factors of u(-13)?
2, 3
Let m = -1038 + 1578. What are the prime factors of m?
2, 3, 5
Let w(u) = -u**2 - 55*u - 84. List the prime factors of w(-27).
2, 3, 7
Suppose c = 3*x - 13 + 3, -4*x + 5*c = -17. List the prime factors of (x/(-2))/(1/(-14)).
3, 7
Suppose 0 = -32*v + 5030 + 8506. What are the prime factors of v?
3, 47
Let o = -907 + 3212. What are the prime factors of o?
5, 461
Let y(j) = 5*j + 78. What are the prime factors of y(25)?
7, 29
Let s(o) = 3*o**3 - o**2 - 3*o - 34. Let h(z) = z**3 - z. Let m(y) = 2*h(y) - s(y). What are the prime factors of m(0)?
2, 17
Let l(i) = 0*i + 83 - 24 + i + 0*i. List the prime factors of l(0).
59
Let q = -10 - -17. Suppose 0*v - v = -q. Suppose 3*h + 5*g + 3 = 0, -3*h - 3*g - 25 = -v*h. List the prime factors of h.
2
Let d(b) = b + 15. Let q be d(-13). Suppose 9 = w - v - 16, 2*v + q = 0. List the prime factors of w.
2, 3
Let a(h) = 6*h**3 + 2*h**2 + 2. Let t be a(2). Let n = t + 67. List the prime factors of n.
5
Let b = 38 + -39. List the prime factors of 1 + 42/(3 + b).
2, 11
List the prime factors of 23/23*(4734/(-3))/(-3).
2, 263
Let u = -94 + 480. List the prime factors of u.
2, 193
Let w be (20/15)/((-2)/(-60)). Suppose -4*z - w = -5*z. Suppose v = -3*v + z. List the prime factors of v.
2, 5
Suppose -9*n - 157 = 707. Let g = 151 + n. List the prime factors of g.
5, 11
Let k(g) = 2*g - 9. Let s = -50 - -60. What are the prime factors of k(s)?
11
Let i(b) = 4*b**2 - 4*b - 5. Let m(p) = -5*p**2 + 6*p + 8. Let y(v) = 8*i(v) + 5*m(v). Let h = -2 - 0. List the prime factors of y(h).
2
Suppose -6*z + 300 = -10*z. Let p = z + 52. Let q = 40 + p. What are the prime factors of q?
17
Let r be (-26)/(-4) - (-1)/2. Suppose -46 = -r*t + 45. List the prime factors of t.
13
Let o be (-3)/(-12) + (-69)/4. Let i = o + 41. What are the prime factors of i?
2, 3
What are the prime factors of -228 + 3255 - (-1 - -9)?
3019
Let b(a) = 4*a**2 - 5*a**2 + 3*a**2 - 28 + 10*a. List the prime factors of b(8).
2, 3, 5
Suppose 9*c = 4*c + 20. Suppose 6*d - 298 + 286 = 0. Suppose -13 = -2*b - r, b + d*r + 23 = c*b. List the prime factors of b.
7
Suppose -13*c + 651 = -1182. Let y = -59 + c. List the prime factors of y.
2, 41
Let l be 7 - (5 + (-6)/3). Let m(v) = 2*v**2 + 4*v - 6. Let r(n) = -3*n**2 - 9*n + 11. Let p(i) = -5*m(i) - 3*r(i). What are the prime factors of p(l)?
3
Let b be (-4)/(-14) + 1425/35. What are the prime factors of b + 3/3 + -1?
41
Suppose 6*l - l - 80 = 0. Let o = l + -13. Suppose o*a = 4*n - 125, -5*n + 3*a + 119 = -38. List the prime factors of n.
2
Suppose -5*f - 6301 = 4*n - 22663, -2*n + 2*f = -8190. What are the prime factors of n?
4093
Let l(p) = -2*p**2 - 3*p - 1. Let j be l(-2). What are the prime factors of 0 - (2 + -60) - j?
61
What are the prime factors of 63940/180 - (-4)/(-18)?
5, 71
Let c be (50/3)/((-2)/(-6)). Let p = -21 + c. List the prime factors of p.
29
Suppose -5*x + 1192 = -2*m + 3674, m = 2*x + 1239. What are the prime factors of m?
1231
Let d(r) = r + 5. Let k(a) = -2*a + 9. Let p be k(9). Let s be d(p). Let t(z) = -z**3 - 2*z**2 + 5*z - 1. What are the prime factors of t(s)?
11
Let w = -22 - -24. Let c be (-3)/6 + 35/2. Suppose s - 3*t = c, -4*s + 4*t + 54 - w = 0. List the prime factors of s.
11
Suppose 15967 = 14*h - 17115. What are the prime factors of h?
17, 139
Let u be (-110)/4 - 4/(-8). Let z = u - -45. Suppose -r = 2*r - z. List the prime factors of r.
2, 3
Suppose -g - 60 = -5*s, -2*g + 2*s - 75 = s. Let f = 84 + g. What are the prime factors of f?
7
Let c(o) = 11*o**2 - 4*o - 2. List the prime factors of c(-6).
2, 11, 19
Let m be (-